+ 1/4*v**4 - 1/20*v**5. Give d(5).
-30
Suppose -2*i + 54 = 4*m, 406*m - 2*i - 31 = 405*m. Let j(n) = -5*n + 16. Give j(m).
-69
Let p be 2/(-8) + 138/(-24). Let l be (-5)/(20/(-276)) - 0. Let j(f) = -74 + l + 2*f - 2*f - f. Determine j(p).
1
Suppose -l - 81 = -3*g, -353 = 3*l - 4*g - 105. Let d = l - -82. Let z(v) be the second derivative of -v**3/3 - v**2 - 4*v. Calculate z(d).
2
Let x(c) = -2*c**3 + 39*c**2 - 20*c - 7. Suppose 2*f + 7 = v, -143*v + 144*v = f + 13. Calculate x(v).
-26
Let i(y) be the third derivative of y**4/12 - 29*y**3/6 + 4*y**2. Suppose 200*g + 129*g = -66*g + 5530. Give i(g).
-1
Let i be 11*(-1 + 4 + -1). Suppose -2*a + 78 = i. Suppose 0 = a*k - 23*k + 30. Let o(s) = s - 1. Give o(k).
-7
Let a be 2 - -1 - (-1 - 1). Let i(f) be the second derivative of -3*f**2 + 107*f + 0 + 1/6*f**3. Give i(a).
-1
Let t(k) = -6*k**2 + 9*k - 92. Let h(i) = 5*i**2 - 9*i + 74. Let j(y) = -5*h(y) - 4*t(y). Suppose -2*z + 6 = -z. What is j(z)?
16
Let f(r) = -7*r**2 - 10*r - 15. Suppose -q - 4*u - 6 = 0, -5*q = 812*u - 815*u + 7. Give f(q).
-23
Let m(u) = 2*u**2 - 5*u + 3. Let l be (1 + -1 - 0)*132/(-792). Let y be 4 + l + -57 + 57. What is m(y)?
15
Suppose -2*q + 27 = 3*y + 2, 4*y = 5*q - 5. Let t(i) = q + 2 - 6*i + 7*i - 8*i - 6*i + i**2. Give t(11).
-15
Let b(x) = -4*x**3 + 48*x**2 - 4*x - 8. Let i(z) = 9*z**3 - 111*z**2 + 8*z + 18. Let p(c) = 7*b(c) + 3*i(c). Determine p(2).
-6
Suppose -36 = 5*r - 14*r. Suppose r*l - t - 41 = 4*t, 0 = -5*l + 2*t + 47. Let o(m) = 18*m + 1 - 30*m + l*m. Determine o(-4).
13
Let d(b) = 29*b + 140. Let g be d(-5). Let s(z) = 4*z - 2*z - 1 + 0 - 3*z. Give s(g).
4
Suppose -4*j + 33*q + 2 = 31*q - 2, 0 = q. Let a(h) = -67*h**3 - 2*h**2 + 2*h. What is a(j)?
-67
Let l(k) = k + 4. Suppose -5*z + 2*h = -60, z + z = h + 24. Suppose -z = -8*j + 11*j. Give l(j).
0
Let g(a) = 7*a**2 - 442*a - 367. Let w be g(64). Let f(b) = -2*b**3 + 33*b**2 + 19*b - 17. Calculate f(w).
17
Suppose o - 4*o - 5*t = 9, 4*t = -2*o - 6. Let r be 10*-1*o/6. Suppose -4*z + 2 = 5*c, 0 = -4*c - 0*z + r*z - 23. Let f(w) = 2*w - 1. Calculate f(c).
-5
Let g(r) = 14*r**2 - 11*r - 21. Let t(u) = 4*u**2 - 4*u. Let z(q) = 2*g(q) - 6*t(q). What is z(3)?
0
Let o(c) = 26*c**2 + 2*c. Let s be (-150)/225*3/2. Determine o(s).
24
Let x(i) = -9 - 3*i**2 + 6*i**2 - 4*i**2 - 7*i. Let r be x(-3). Suppose 2*c - a = 7, -3 + 5 = -r*c - a. Let w(o) = -o**2 + 2*o - 1. Give w(c).
0
Suppose 9*k - 30 = -1956. Let t = -214 - k. Let z(v) be the second derivative of v**4/12 + v**3/6 - 11*v**2/2 - 5*v. Give z(t).
-11
Let n(c) = -4 + 361*c + 449*c - 1343*c + 423*c. Give n(0).
-4
Suppose 0 = 2*s - 0*i - 4*i - 6, 12 = -4*i. Let w(d) = -2*d**2 - 5*d + 1. Calculate w(s).
-2
Let f(z) = -z**2 + 8*z - 4. Let j be 0 + (-4 - -5) + 182/2. Suppose -3*i = j - 110. Give f(i).
8
Let u(n) be the first derivative of -2*n**3 - 3*n**2 - 2*n + 1631. What is u(-4)?
-74
Let k(h) = -63*h**2 - 1 - 4*h + 11 + 17*h + 60*h**2 - 8*h. Determine k(-4).
-58
Let b(c) = -2*c**2 + 20*c + 4. Let k = 469 - 464. Suppose 2*t - 10 = -2*a, 3*t - 6 = -k*a - 1. What is b(t)?
4
Let y(m) = -3 + 3*m**2 - 2*m + 0 - 2*m**2 - 3 - 2. Determine y(-6).
40
Let s be (-74)/(-16) + -50 + 22165/440. Let c(m) be the third derivative of 0 + 1/3*m**4 - 3/2*m**3 - 10*m**2 - 1/60*m**s + 0*m. Determine c(6).
3
Let k(s) be the second derivative of -s**4/24 - 2*s**3/3 + 60*s**2 + 7*s + 6. Let y(j) be the first derivative of k(j). Calculate y(8).
-12
Suppose 40 = 127*d - 122*d. Let y be (2 - (8 - d)) + (2 - 1). Let n(v) = -3*v + 5. Give n(y).
-4
Let a(s) be the first derivative of -11*s**6/120 - s**4/24 - s**3/6 + 57*s**2/2 + 20. Let x(w) be the second derivative of a(w). Give x(-1).
11
Suppose 2*l + 6 = 0, 4*b - 23 = 2*l - l. Let j = 9 + b. Let r(x) = -23*x + 3 + 40*x - j*x. Give r(-3).
-6
Let a = 1362 - 1370. Let o(c) = c**2 + 10*c + 27. Give o(a).
11
Suppose -56*r + 204 = -5*r. Let s(n) = -4*n**3 + 4*n**2 + n - 8. Let c(u) = -11*u**3 + 12*u**2 + 4*u - 23. Let h(o) = -3*c(o) + 8*s(o). What is h(r)?
-11
Let b = -171 + 177. Suppose -k = 2*k + b. Let o(j) be the second derivative of -j**5/20 + j**3/3 + j**2/2 + j. What is o(k)?
5
Let y(o) = 2*o**3 - 7*o**2 + 6*o - 23. Let m be (2 - (-20)/(-3))*(-2244)/2618. Give y(m).
17
Let s(n) = n**3 - 6*n**2 + 7*n - 10. Let a be s(5). Let f(u) be the third derivative of 6*u**2 - 1/24*u**4 + 0 + 0*u - 2/3*u**3. What is f(a)?
-4
Suppose -7*c - 34 = 14*v - 11*v, 0 = -3*c + 2*v - 8. Let h(n) = -n**2 + 13*n + 3. Let x(u) = 12*u + 3. Let d(j) = -2*h(j) + 3*x(j). Calculate d(c).
-5
Let u(m) = -44*m**2 + m. Let s be (-2982)/(-231) + 4/44 + -14. Determine u(s).
-45
Suppose 4*h + 4*o = -0*o - 8, -2*h = -3*o - 16. Let p be h + -6*4/(-8). Let a(k) = 7 + p*k**3 + 11*k**3 - 5*k - 7*k**2 + 11*k**3 - 28*k**3. Give a(-6).
1
Let l(a) = 5*a**2 + 34*a - 12. Let y(w) = w**2 - 12*w - 3816. Let u be y(-56). What is l(u)?
36
Let b(z) = -22*z**3 + 37*z**2 - 12*z - 15. Let h(u) = 5*u**3 - 9*u**2 + 4*u + 4. Let s(v) = 2*b(v) + 9*h(v). Give s(5).
16
Let m(b) = -b**3 - 11*b**2 + 12*b - 10. Let p be (4/(-6) - 1)/(4/12). Let v be (-3 + p)*((-14)/(-4) - 2). Determine m(v).
-10
Suppose 5*i + 3*h - 25 = -6, 3*h + 21 = 3*i. Suppose -8 = -i*d + t - 3, 4*d = -4*t - 20. Let o(x) = 14*x + 1 - 10*x + x**3 + 5*x + d - 9*x**2. Give o(8).
9
Let d(f) = -f**3 - 4*f**2 + 2*f - 63. Suppose 2408*l + 2 = 4*n + 2409*l, -4*n - 2*l = -4. Give d(n).
-63
Let r(i) = 3*i + 5. Let w(h) = 3*h**2 + 2*h - 2. Let n be w(1). Let y be -61 + 1*-4*n/(-6). Let f = y + 55. Determine r(f).
-7
Suppose 3 + 0 = -b. Let l(u) = -7*u**2 + 15*u - 33. Let w(p) = -p**2 + 4*p - 6. Let x(h) = -l(h) + 5*w(h). Determine x(b).
6
Let t(h) = -1. Let p(n) = n**2 + 8*n - 11. Let f(j) = j**2 + 6*j + 5. Let i be f(-4). Let a(d) = i*t(d) + p(d). Let k be ((-2)/5)/((11 - 5)/120). Give a(k).
-8
Let x = 63 - 14. Suppose 5*g + 15*s = 11*s + 89, -x = -3*g + 2*s. Suppose -3*i - q + g = q, 4 = 4*q. Let k(j) = j**2 - 7*j + 7. Calculate k(i).
-3
Let b(q) = 5*q + 199. Let g(n) = 12*n + 600. Let w(j) = 11*b(j) - 4*g(j). What is w(28)?
-15
Let u(w) = -41 - 70*w - 4*w + 46*w + 21*w. Give u(-5).
-6
Let k(y) = 12*y**2 - 22*y + 2. Let d(s) = 10*s**2 - 18*s + 1. Let z(w) = 5*d(w) - 4*k(w). Determine z(3).
9
Let y(q) be the third derivative of q**7/840 + q**6/120 - q**5/40 + 5*q**4/24 - 13*q**3 + 2*q**2 + 22. Let t(m) be the first derivative of y(m). What is t(-4)?
1
Let x(a) = -a**2 + 10*a - 9. Suppose 3*j = -4*j + 1120. Let w be 1584/j + (-1)/(-10). Calculate x(w).
-9
Let a(g) = -28*g**3 + 6*g**2 + 19*g**3 + 13*g**3 - 2. Let t(f) = -f**3 + 1. Let x(n) = a(n) + 3*t(n). Suppose -d = 4*d + 30. Calculate x(d).
1
Let x be 72/30*((-204)/36 + 4). Let t(z) = z - 6. Give t(x).
-10
Let g(h) = -h**2 - 2*h - 1. Let w(t) = -3*t**3 + 2*t**2 - 3*t + 2. Suppose 14 = -6*a - 46. Let x(z) = 3*z + 31. Let v be x(a). Let c be w(v). What is g(c)?
-1
Let j(s) be the third derivative of -1/3*s**3 + 1/4*s**4 - 3*s**2 + 0*s - 4. Determine j(2).
10
Let q = -10 + -2. Let r be -4 + 2 - (13 + q). Let y(n) be the third derivative of -n**6/120 - n**5/15 - n**4/6 - n**3/2 + 32*n**2. Calculate y(r).
0
Let m be (60/(-14))/((-10)/(-245)*-7). Let q(g) = g**3 - 19*g**2 + 56*g + 43. Let b be q(m). Let c(f) = -2*f - 24. What is c(b)?
10
Let g(p) = -p**2 + 4*p - 4. Suppose 5*j = -0*j + 5. Suppose -5*a + 13 + 2 = -4*s, -3*s = 2*a - 6. Let d be (j*-2)/((10/a)/(-5)). Determine g(d).
-1
Let i be (24/(-54)*33)/((-6)/99). Let p be (-247 + i)/((1 + 1)/2). Let k(j) = j**3 + 5*j**2 - j + 3. Give k(p).
8
Let d(f) = -f**3 - 11*f**2 - 21*f - 3. Let w(l) = 2*l**2 + 46*l - 289. Let j be w(5). Determine d(j).
24
Let z(w) = 2*w**2 + 39*w + 175. Let r be z(-7). Let f(v) = 3*v**2 - v + 3. Give f(r).
3
Let m(z) = -132*z**2 + 46*z**2 + 52*z**2 + 13*z + 24*z**2 + 14. Calculate m(-1).
-9
Let q(d) = -d - 60. Let f = -37696 - -37678. Give q(f).
-42
Let u(a) = -4*a + 1. Let b = 198 - 196. Suppose -g - 58 = -5*k - 2*g, 5*k - 5*g = 40. Suppose 4*j - b*c = -5*c - k, -2*j - 2*c - 8 = 0. What is u(j)?
-3
Let q = -95 + 99. Let c(r) be the second derivative of -r**6/720 + r**5/60 - 5*r**4/6 + 20*r. Let z(j) be the third derivative of c(j). Give z(q).
-2
Let a = -21 - -118. Let j(q) = -a*q**3 + 193*q**3 + 2 - 95*q**3 - 7*q**2 + 15 - 2*q. Determine j(7).
3
Let g = -934 + 921. L